 units digit of 193741?
1
What is the hundred thousands digit of 187997?
1
What is the units digit of 479371?
1
What is the hundreds digit of 20351742?
7
What is the hundred thousands digit of 285528?
2
What is the hundred thousands digit of 219044?
2
What is the hundreds digit of 271832?
8
What is the tens digit of 1698690?
9
What is the millions digit of 16140328?
6
What is the thousands digit of 10156609?
6
What is the millions digit of 5671183?
5
What is the tens digit of 543218?
1
What is the millions digit of 17056784?
7
What is the ten thousands digit of 5275577?
7
What is the thousands digit of 16255661?
5
What is the thousands digit of 2835317?
5
What is the hundred thousands digit of 3857572?
8
What is the units digit of 247457?
7
What is the ten thousands digit of 9752580?
5
What is the thousands digit of 44014?
4
What is the units digit of 5305447?
7
What is the ten thousands digit of 373289?
7
What is the units digit of 947738?
8
What is the units digit of 405950?
0
What is the millions digit of 2059924?
2
What is the hundred thousands digit of 16775925?
7
What is the hundred thousands digit of 4713315?
7
What is the thousands digit of 11259072?
9
What is the thousands digit of 194435?
4
What is the hundred thousands digit of 6945363?
9
What is the units digit of 7530882?
2
What is the millions digit of 5405040?
5
What is the units digit of 5199749?
9
What is the ten thousands digit of 3599272?
9
What is the hundreds digit of 471097?
0
What is the thousands digit of 10496436?
6
What is the hundreds digit of 586990?
9
What is the thousands digit of 9654?
9
What is the thousands digit of 646821?
6
What is the tens digit of 574992?
9
What is the hundred thousands digit of 132300?
1
What is the hundreds digit of 13558556?
5
What is the hundreds digit of 282606?
6
What is the ten thousands digit of 15681?
1
What is the hundreds digit of 6495749?
7
What is the thousands digit of 21995?
1
What is the units digit of 306620?
0
What is the thousands digit of 6481446?
1
What is the hundreds digit of 3438001?
0
What is the thousands digit of 2631495?
1
What is the millions digit of 7010582?
7
What is the units digit of 89569?
9
What is the units digit of 2445722?
2
What is the ten thousands digit of 696954?
9
What is the tens digit of 214386?
8
What is the tens digit of 197681?
8
What is the units digit of 608008?
8
What is the tens digit of 612785?
8
What is the thousands digit of 248906?
8
What is the tens digit of 352921?
2
What is the units digit of 105455?
5
What is the hundreds digit of 5601777?
7
What is the hundreds digit of 958621?
6
What is the hundreds digit of 1586423?
4
What is the hundred thousands digit of 6548003?
5
What is the thousands digit of 155376?
5
What is the thousands digit of 39915210?
5
What is the ten thousands digit of 1245517?
4
What is the units digit of 313587?
7
What is the thousands digit of 34592?
4
What is the hundreds digit of 22297?
2
What is the thousands digit of 147295?
7
What is the units digit of 12581285?
5
What is the hundreds digit of 395260?
2
What is the hundreds digit of 9606578?
5
What is the hundreds digit of 95133?
1
What is the millions digit of 20712448?
0
What is the units digit of 1908781?
1
What is the millions digit of 1626852?
1
What is the thousands digit of 4475066?
5
What is the hundreds digit of 2204694?
6
What is the thousands digit of 563903?
3
What is the millions digit of 4084859?
4
What is the tens digit of 1980897?
9
What is the tens digit of 5718892?
9
What is the ten thousands digit of 2350074?
5
What is the thousands digit of 95601?
5
What is the ten millions digit of 26360736?
2
What is the ten thousands digit of 328377?
2
What is the hundred thousands digit of 234363?
2
What is the hundreds digit of 343298?
2
What is the units digit of 679413?
3
What is the hundred thousands digit of 3732082?
7
What is the ten thousands digit of 671246?
7
What is the units digit of 30706751?
1
What is the hundreds digit of 18329329?
3
What is the units digit of 493419?
9
What is the hundred thousands digit of 10661690?
6
What is the hundreds digit of 26708?
7
What is the ten thousands digit of 215374?
1
What is the hundred thousands digit of 745127?
7
What is the tens digit of 3089?
8
What is the hundred thousands digit of 174357?
1
What is the units digit of 637626?
6
What is the units digit of 10402814?
4
What is the thousands digit of 29791?
9
What is the hundred thousands digit of 2689635?
6
What is the tens digit of 1241047?
4
What is the tens digit of 2351808?
0
What is the hundreds digit of 668388?
3
What is the hundred thousands digit of 246318?
2
What is the tens digit of 4219316?
1
What is the hundreds digit of 4328654?
6
What is the units digit of 122313?
3
What is the tens digit of 2842597?
9
What is the hundred thousands digit of 1418939?
4
What is the hundred thousands digit of 1307947?
3
What is the hundreds digit of 57471?
4
What is the hundred thousands digit of 348497?
3
What is the hundred thousands digit of 237473?
2
What is the hundreds digit of 982599?
5
What is the thousands digit of 429649?
9
What is the tens digit of 341493?
9
What is the tens digit of 265860?
6
What is the hundreds digit of 2010085?
0
What is the tens digit of 1167569?
6
What is the hundred thousands digit of 574419?
5
What is the hundreds digit of 3712862?
8
What is the thousands digit of 16175804?
5
What is the thousands digit of 11466653?
6
What is the units digit of 8396759?
9
What is the thousands digit of 5950629?
0
What is the tens digit of 3815220?
2
What is the hundred thousands digit of 11861333?
8
What is the hundreds digit of 974849?
8
What is the units digit of 10396533?
3
What is the hundred thousands digit of 2416008?
4
What is the hundred thousands digit of 5662077?
6
What is the thousands digit of 13801622?
1
What is the units digit of 20283?
3
What is the tens digit of 498846?
4
What is the thousands digit of 936872?
6
What is the ten thousands digit of 4279737?
7
What is the ten thousands digit of 323502?
2
What is the hundred thousands digit of 433742?
4
What is the units digit of 35320968?
8
What is the hundreds digit of 99255?
2
What is the units digit of 376452?
2
What is the units digit of 246651?
1
What is the ten thousands digit of 15575496?
7
What is the units digit of 591829?
9
What is the thousands digit of 1619219?
9
What is the hundreds digit of 354313?
3
What is the tens digit of 1239798?
9
What is the hundreds digit of 776123?
1
What is the tens digit of 312790?
9
What is the tens digit of 3768215?
1
What is the tens digit of 87599?
9
What is the hundred thousands digit of 627593?
6
What is the ten thousands digit of 4189197?
8
What is the ten thousands digit of 2029943?
2
What is the tens digit of 9098551?
5
What is the ten thousands digit of 279969?
7
What is the millions digit of 4001456?
4
What is the ten thousands digit of 16368236?
6
What is the units digit of 42976?
6
What is the units digit of 243036?
6
What is the units digit of 851030?
0
What is the hundreds digit of 2523758?
7
What is the units digit of 502728?
8
What is the ten thousands digit of 939040?
3
What is the hundreds digit of 1901310?
3
What is the hundreds digit of 223793?
7
What is the hundreds digit of 1602263?
2
What is the units digit of 12708915?
5
What is the ten thousands digit of 285438?
8
What is the hundreds digit of 11201346?
3
What is the hundreds digit of 152087?
0
What is the ten thousands digit of 10487968?
8
What is the hundreds digit of 3354844?
8
What is the thousands digit of 2468749?
8
What is the thousands digit of 268229?
8
What is the thousands digit of 117772?
7
What is the ten thousands digit of 18879274?
7
What is the ten thousands digit of 103561?
0
What is the thousands digit of 743891?
3
What is the hundreds digit of 1362178?
1
What is the hundreds digit of 1909237?
2
What is the ten thousands digit of 1395649?
9
What is the units digit of 170341?
1
What is the millions digit of 4112542?
4
What is the hundred thousands digit of 1541894?
5
What is the ten thousands digit of 5087658?
8
What is the ten thousands digit of 10863396?
6
What is the ten millions digit of 32393943?
3
What is the millions digit of 2420870?
2
What is the units digit of 5108925?
5
Wh